{"id":12,"date":"2014-01-07T11:46:41","date_gmt":"2014-01-07T10:46:41","guid":{"rendered":"http:\/\/www.pierre-adenis.com\/?page_id=12"},"modified":"2023-01-27T14:55:55","modified_gmt":"2023-01-27T13:55:55","slug":"impressum","status":"publish","type":"page","link":"https:\/\/www.pierre-adenis.com\/en\/impressum\/","title":{"rendered":"imprint"},"content":{"rendered":"<p>Pierre Adenis<br \/>\nEisenbahnstrasse 15<br \/>\n10997 Berlin<\/p>\n<p>mobil: +49 (0)172 39 202 37<\/p>\n<p><img decoding=\"async\" loading=\"lazy\" class=\"alignleft wp-image-745\" src=\"https:\/\/www.pierre-adenis.com\/wp-content\/uploads\/2014\/01\/Mailadresse3.gif\" alt=\"Mailadresse3\" width=\"195\" height=\"15\" \/><\/p>\n<p>&nbsp;<\/p>\n<p>&nbsp;<\/p>\n<p>USt-ID: DE 135758806<\/p>\n<p>&nbsp;<\/p>\n<p>represented by the LAIF agency:<\/p>\n<p><a href=\"https:\/\/www.archive.laif.de\/?97367432110458367909\" target=\"_blank\" rel=\"noopener noreferrer\"><img decoding=\"async\" loading=\"lazy\" class=\"alignnone wp-image-654 size-full\" src=\"https:\/\/www.pierre-adenis.com\/wp-content\/uploads\/2014\/01\/laif-logo_t.jpg\" alt=\"laif logo_t\" width=\"160\" height=\"58\" \/><\/a><\/p>\n<p><a href=\"https:\/\/www.instagram.com\/pierre_adenis\/\" rel=\"https:\/\/www.instagram.com\/pierre_adenis\/\"><img decoding=\"async\" loading=\"lazy\" class=\"alignleft wp-image-1261 size-full\" src=\"https:\/\/www.pierre-adenis.com\/wp-content\/uploads\/2021\/03\/glyph-logo_May2016-e1617004280933.png\" alt=\"Hier zeige ich ausschlie\u00dflich ein Auswahl meiner Berlin-Fotos\" width=\"40\" height=\"40\" \/><\/a> \u00a0 I show here visual fragments of Berlin of the last 3 decades<\/p>\n<p>&nbsp;<\/p>\n<p>&nbsp;<\/p>\n<p>All photos and graphic designs used on this website are protected by copyright and are subject to German copyright law. The reproduction, editing, distribution and any kind of exploitation require the written consent of Pierre Adenis.<\/p>\n<p>Disclaimer: Despite careful control of the content, I assume no liability for the content of external links. The operators of the linked pages are solely responsible for their content.<\/p>","protected":false},"excerpt":{"rendered":"<p>Pierre Adenis Eisenbahnstrasse 15 10997 Berlin mobil: +49 (0)172 39 202 37 &nbsp; &nbsp; USt-ID: DE 135758806 &nbsp; vertreten durch die Agentur LAIF: \u00a0 Hier zeige ich ausschlie\u00dflich ein Auswahl meiner Berlin-Fotos &nbsp; &nbsp; Alle auf dieser Internetpr\u00e4senz verwendeten Fotos und grafischen Gestaltungen sind urheberrechtlich gesch\u00fctzt und unterliegen dem deutschen Urheberrecht. Die Vervielf\u00e4ltigung, Bearbeitung, Verbreitung [&hellip;]<\/p>","protected":false},"author":1,"featured_media":0,"parent":0,"menu_order":0,"comment_status":"closed","ping_status":"open","template":"","meta":[],"_links":{"self":[{"href":"https:\/\/www.pierre-adenis.com\/en\/wp-json\/wp\/v2\/pages\/12"}],"collection":[{"href":"https:\/\/www.pierre-adenis.com\/en\/wp-json\/wp\/v2\/pages"}],"about":[{"href":"https:\/\/www.pierre-adenis.com\/en\/wp-json\/wp\/v2\/types\/page"}],"author":[{"embeddable":true,"href":"https:\/\/www.pierre-adenis.com\/en\/wp-json\/wp\/v2\/users\/1"}],"replies":[{"embeddable":true,"href":"https:\/\/www.pierre-adenis.com\/en\/wp-json\/wp\/v2\/comments?post=12"}],"version-history":[{"count":53,"href":"https:\/\/www.pierre-adenis.com\/en\/wp-json\/wp\/v2\/pages\/12\/revisions"}],"predecessor-version":[{"id":1263,"href":"https:\/\/www.pierre-adenis.com\/en\/wp-json\/wp\/v2\/pages\/12\/revisions\/1263"}],"wp:attachment":[{"href":"https:\/\/www.pierre-adenis.com\/en\/wp-json\/wp\/v2\/media?parent=12"}],"curies":[{"name":"wp","href":"https:\/\/api.w.org\/{rel}","templated":true}]}}

<p>Pierre Adenis<br />
Eisenbahnstrasse 15<br />
10997 Berlin</p>
<p>mobil: +49 (0)172 39 202 37</p>
<p><img decoding="async" loading="lazy" class="alignleft wp-image-745" src="https://www.pierre-adenis.com/wp-content/uploads/2014/01/Mailadresse3.gif" alt="Mailadresse3" width="195" height="15" /></p>
<p>&nbsp;</p>
<p>&nbsp;</p>
<p>USt-ID: DE 135758806</p>
<p>&nbsp;</p>
<p>represented by the LAIF agency:</p>
<p><a href="https://www.archive.laif.de/?97367432110458367909" target="_blank" rel="noopener noreferrer"><img decoding="async" loading="lazy" class="alignnone wp-image-654 size-full" src="https://www.pierre-adenis.com/wp-content/uploads/2014/01/laif-logo_t.jpg" alt="laif logo_t" width="160" height="58" /></a></p>
<p><a href="https://www.instagram.com/pierre_adenis/" rel="https://www.instagram.com/pierre_adenis/"><img decoding="async" loading="lazy" class="alignleft wp-image-1261 size-full" src="https://www.pierre-adenis.com/wp-content/uploads/2021/03/glyph-logo_May2016-e1617004280933.png" alt="Hier zeige ich ausschließlich ein Auswahl meiner Berlin-Fotos" width="40" height="40" /></a>   I show here visual fragments of Berlin of the last 3 decades</p>
<p>&nbsp;</p>
<p>&nbsp;</p>
<p>All photos and graphic designs used on this website are protected by copyright and are subject to German copyright law. The reproduction, editing, distribution and any kind of exploitation require the written consent of Pierre Adenis.</p>
<p>Disclaimer: Despite careful control of the content, I assume no liability for the content of external links. The operators of the linked pages are solely responsible for their content.</p>

<p>Pierre Adenis Eisenbahnstrasse 15 10997 Berlin mobil: +49 (0)172 39 202 37 &nbsp; &nbsp; USt-ID: DE 135758806 &nbsp; vertreten durch die Agentur LAIF:   Hier zeige ich ausschließlich ein Auswahl meiner Berlin-Fotos &nbsp; &nbsp; Alle auf dieser Internetpräsenz verwendeten Fotos und grafischen Gestaltungen sind urheberrechtlich geschützt und unterliegen dem deutschen Urheberrecht. Die Vervielfältigung, Bearbeitung, Verbreitung [&hellip;]</p>
